lculate n(4).
-11
Let y(o) = 3 + 1 + o - 2*o. Let d(q) = -q**3 - 6*q**2 - 5*q - 3. Let z be d(-5). Give y(z).
7
Let q(f) = -3 + 2*f**2 + 0*f**3 + f**2 - f**3 + 5 - 2*f. Calculate q(2).
2
Let c = -3 + 3. Let x = -3 - c. Let b(z) = -7*z + 6. Let k(w) = -13*w + 11. Let u(q) = 11*b(q) - 6*k(q). What is u(x)?
-3
Suppose -5*z = -9*z + 12. Let t(c) = -c. Let i(j) = 1. Let p(m) = 5*i(m) + t(m). Determine p(z).
2
Let i(s) = -s**3 - 5*s**2 + s + 5. Let r be i(-5). Let h = r - -3. Let p(q) = -q - 4*q**3 - 2 - q + q**2 + 5*q**h. Determine p(-2).
-2
Suppose -r = 4*i - 80, -5*i - 4*r = -2*i - 73. Suppose -4*v = -3 + i. Let s(p) = -4 - 2 - 2*p + p. Calculate s(v).
-2
Let x(k) = k**3 - 9*k**2 + 8*k + 2. Let j be x(8). Let n = j - 0. Let c(i) = -2*i**2 - 4 - 4*i**n - i**3 + 4*i**2. Calculate c(-3).
5
Let f(x) = 2 - 5 + 11*x + 3. Let b(d) = 6*d. Let y(q) = 5*b(q) - 3*f(q). Let k(a) = -a - 8. Let p be k(-5). Determine y(p).
9
Let b(f) be the second derivative of -f**5/20 + f**4/12 + f**3/2 + 3*f**2/2 - 2*f. Give b(3).
-6
Let g = -10 + 7. Let h be -1*(0 + 2 + g). Let t(f) = 4*f - 3 + 2 + 0. Calculate t(h).
3
Suppose 3*d - 10 = b, 0 = 3*d + 4*b + 5 - 10. Let y(p) = -p + 6. Determine y(d).
3
Let z = 11 - 3. Suppose -4*l + 2*m + 8 = 0, -4*l + 9*l - z = 2*m. Suppose -k + 5*v - 4 = -5*k, l = -3*k - v - 8. Let b(x) = -x**3 - 4*x**2 - x + 2. Give b(k).
6
Suppose -16 = -3*m + 7*m. Let l(v) = -3*v**3 - 7*v**2 + 3. Let k(z) = -z**3 - z**2. Let t(c) = m*k(c) + l(c). Suppose -3 = -5*x + 12. What is t(x)?
3
Let m(z) = -z + 4. Suppose 4*y - 7 = 5. What is m(y)?
1
Suppose -12 = -4*h - 0. Suppose 0*i = h*i - 9. Let r(d) = 9*d**2 + 2*d - d**i + 0*d + 3 - 7*d**2. Determine r(3).
0
Suppose 4*w - 8*w = -12. Let k(y) = -5 + 1 + 0*y**3 - 5*y**2 + 3 - 5*y + y**w. Determine k(6).
5
Let p(a) = -a - 4. Let q(z) = -z + 2. Let j be q(3). Let h = 5 + j. Suppose 0 = n + h. What is p(n)?
0
Let c = -2 - -4. Suppose 7 = c*h + 1. Let m(q) = -q + 4*q**2 - 3 + 2 - q**3 + 0*q**h. Determine m(3).
5
Let k(t) = -3*t. Suppose -2*c = -3*c. Suppose 2*a + c*a = 2. What is k(a)?
-3
Let p(a) = 2*a - 13. Suppose 32 + 18 = 5*h. Let t be p(h). Let m(v) = -v + 5. Give m(t).
-2
Let l(a) = -a**2 - 6*a + 3. Suppose 4*y + 5*v = 25 + 4, 5*v = -15. Suppose 4*b - 3*h + 22 = 0, 0*b + 5*h - y = 3*b. Give l(b).
-4
Let p = -8 + 0. Let y(n) = n - 3. Calculate y(p).
-11
Let z(x) be the second derivative of x**5/20 + x**4/3 + x**3/2 + x**2/2 + 5*x. Let c be (-11)/4 - (-2)/(-8). What is z(c)?
1
Suppose -3*l = 2*l - 20. Suppose 4*o - 6 = -5*n - 1, n + l*o = 1. Let k(x) = 9*x**2 - 2*x + 1. Determine k(n).
8
Let y be (-8)/5 + 4/(-10). Suppose -2*l + 0*l = 4*n, 5*n - 26 = 4*l. Let i be 0 + y*1 + n. Let o(j) = -j**3 + j - 6. Give o(i).
-6
Let p(o) = o**2 + 2*o + 1. Let r be p(-3). Suppose -d = 4*y + 3*d, r*y = -2*d + 4. Let g(t) = -2*t**2 + t - 2. What is g(y)?
-8
Let q = -8 - -14. Let r = q + -3. Suppose -r*o + 5 = 2. Let l(v) = 5*v. Calculate l(o).
5
Let s(a) = -a**3 - 14*a**2 + a + 9. Let q be s(-14). Let w(f) = -f**3 - 5*f**2 - 4. Determine w(q).
-4
Let w be (4/6)/((-8)/(-60)). Let r(u) = u**3 - 4*u**2 - 7*u + 7. Calculate r(w).
-3
Let w(j) = j**2 + 7*j - 2. Let v(d) = d - 1. Let p(q) = -3*v(q) + w(q). What is p(-3)?
-2
Suppose 5 = b + 4*w - 3, -2*b = -4*w - 4. Suppose j = -3, b*n - j - 2 = 13. Let h(v) = 4*v**2 + 2*v - 4*v**2 + 3 - v**2 - 4. Determine h(n).
-4
Let i(t) = -5*t - 10. Let n(q) = -q - 1. Let b(o) = -i(o) + 2*n(o). What is b(-4)?
-4
Let s(x) = 3*x**2 + 3*x + 5. Let p(t) = 5*t**2 + 4*t + 8. Let v(y) = -5*p(y) + 8*s(y). What is v(2)?
4
Let a(z) be the first derivative of 0*z - 1/2*z**2 + 1. Suppose 4*i - l = 3*l - 8, -5*l = 2*i - 31. Give a(i).
-3
Let c be 10/(-35) + 94/(-14). Let l(r) = r**3 + 8*r**2 + 9*r + 9. Determine l(c).
-5
Let o(w) be the third derivative of 0*w**5 - 3*w**2 - 1/24*w**4 + 0*w - 1/120*w**6 + 0 - 1/3*w**3. Let k = -3 + 1. Calculate o(k).
8
Suppose 4*o - 30 = -o. Let q(i) = -2*i + 0*i**2 + o*i**3 - i**2 - 1 - i**3. Calculate q(-1).
-5
Let h(z) be the second derivative of -z**5/20 - 7*z**4/12 - z**3/2 + 7*z**2/2 - 3*z. Let m = -7 + 1. Calculate h(m).
-11
Let k(g) be the third derivative of -7*g**4/24 + g**3/6 - g**2. Suppose -z - 43 = 4*b, 5*z - 12 = 4*b + 61. Let m = -13 - b. Give k(m).
8
Let k(c) = -c**3 - 1. Let a(d) = d**3 + 6*d**2 - 2*d - 3. Let j(b) = -a(b) - 2*k(b). Calculate j(6).
17
Let p(l) = -l**3 + 4*l**2 - 2*l - 1. Suppose -3*y - 18 = -5*h, -18 = 4*y + 3*h + 6. Let j be ((-2)/(-3))/(y/(-18)). What is p(j)?
3
Let k = 3 + 0. Let y(s) be the second derivative of -s**6/360 + s**5/30 + s**3/2 + 3*s. Let r(c) be the second derivative of y(c). Calculate r(k).
3
Let w(z) be the second derivative of z**5/20 - z**4/2 + 2*z**3/3 + 5*z**2/2 - 16*z. Determine w(4).
-11
Let m(u) = -u + 8. Let l = 1 - 1. Let n be l - ((-6)/2 - -2). Let p = 1 - n. Give m(p).
8
Let y be -3 + (0/2)/4. Let n(r) be the third derivative of r**5/60 + r**4/8 - r**3/6 + r**2. Determine n(y).
-1
Let p(y) be the first derivative of 2*y**2 - y - 2 + 1 + 0. What is p(2)?
7
Let t(i) = 1 - 2*i**2 + 1 + 6*i**2 + 5*i - 2*i**2. Determine t(-4).
14
Let m(x) be the first derivative of -x**2/2 - x + 3. What is m(-4)?
3
Let g(z) = -14*z. Let o(v) = -5*v. Let k(n) = -6*g(n) + 17*o(n). Give k(3).
-3
Suppose 2*r - 2 - 2 = 0. Let y(d) = -3 - 3 - 7*d - d**r - 1. Give y(-5).
3
Let h(i) = -4 - 3*i + 14 - 8 - i**2. What is h(-3)?
2
Suppose 2*f - 9 - 5 = 0. Let t = 11 - f. Let u(l) be the third derivative of -l**6/120 + l**5/12 - l**4/6 - l**3/6 - l**2. Give u(t).
-1
Let d = 66 - 73. Let q(i) = i**2 + 7*i + 7. Calculate q(d).
7
Let m(x) = x**3 + x + 2. Suppose 7*g + 5*w = 2*g, -2*w = -3*g. What is m(g)?
2
Suppose 0 = f - 41 + 16. Let z(y) = -y**3 + y - 2. Let n be z(-2). Suppose 0 = 3*o - n*a - f, 12 = -6*a + 3*a. Let l(x) = -x**3 + 5*x**2 - 4*x + 1. Give l(o).
7
Let j(r) = r**2 + 8*r + 3. Let y be j(-8). Let d(f) = y*f - 4*f + 3 - 2. Suppose -2*z + 6*z - 20 = 0. Calculate d(z).
-4
Let w(r) = r + 13*r**2 + 2 + r - 1. Let j(q) = -2*q - 11. Let u be j(-5). Give w(u).
12
Let r(c) = -4*c - 5. Let o(u) = -2. Let g(m) = -3. Let s(j) = -5*g(j) + 7*o(j). Let n(x) = -r(x) - 6*s(x). Give n(1).
3
Let h(w) be the first derivative of -w**4/4 - w**3 - w**2 - 3*w - 8. Give h(-3).
3
Let i(g) be the first derivative of -g**4/4 - 2*g**3/3 + g + 18. Give i(1).
-2
Let k(p) be the second derivative of -p**5/20 - p**4/6 + p**3/3 + 3*p**2/2 + 3*p + 3. Calculate k(-2).
-1
Let w(x) be the first derivative of -5*x + 1 - x**3 + 1/2*x**2 - 1/4*x**4. Determine w(-4).
7
Let g(a) = -a**2 + 5*a + 1. Let j = -18 - -24. What is g(j)?
-5
Let p(x) = -4 + 5 + 3*x - 6 + 11 + 0. Suppose 13 = 3*o + 5*c, 3*c = o - 2*c + 29. Give p(o).
-6
Let y(n) be the third derivative of 11*n**6/120 + n**5/60 + 13*n**2 + 4*n. Determine y(1).
12
Let k(y) = y**3 - y**2 - y + 5. Let m = -54 + 54. Determine k(m).
5
Let u(q) = q**2 - 12*q + 10. Let d be u(11). Let y(i) = -9*i**2 - 2*i - 1. What is y(d)?
-8
Let p(i) = i**2 - 6*i + 1. Let r = -9 + 6. Let f(u) = u**3 + 3*u**2 + 4. Let t be f(r). What is p(t)?
-7
Let o(l) = -3 - 2 - 2 - 4*l**3 + 6. Determine o(1).
-5
Let i = 5 - 3. Let j(z) = 2*z**2 + i*z**2 - z + z**3 + 3 - 3*z**2 - 4*z**2. Give j(3).
0
Let n(a) = 7*a. Let i(w) = w**2 + 4*w + 4. Let u be i(-3). Calculate n(u).
7
Let g(k) = 4*k**3 - 5*k**2 + 8*k - 12. Let o(f) = f**3 + f - 1. Let v(m) = g(m) - 5*o(m). Calculate v(-6).
11
Let t(h) = h**3 + 6*h**2 + 6*h - 3. Let q(l) = 3*l**2 + 6*l + 1. Let d be q(-4). Suppose -10 = -3*n - d. Calculate t(n).
-8
Suppose 5 = 5*u - 5. Let y be (8 - u) + -1 + -2. Let g(p) = -p**3 + 4*p**2 - 3*p - 1. Give g(y).
-1
Suppose 3*q = -4 - 5. Let z(l) be the second derivative of -1/6*l**3 + 0 - 2*l**2 - 3*l. Determine z(q).
-1
Let g(n) = n**2 + 4*n + 4. Let p be (-60)/(-8)*(-1 + (-1)/(-3)). What is g(p)?
9
Let z(w) be the second derivative of -w**5/20 - w**3/3 - w**2/2 + 20*w. Give z(-2).
11
Let p(a) = -6*a. Let n = -6 + 10. Let h(g) = 7*g. Suppose -3*m + 2 = -13. Let w(s) = m*h(s) + n*p(s). Determine w(1).
11
Let i(u) = -u**3 + u**2 + u + 2. Let f = 19 + -11. Suppose 3*o - 9 = -3*l, 6*o = -2*l + 2*o + f. Suppose 0 = 3*y + 2*w + 6, -8 + 2 = -4*y + l*w. What is i(y)?
2
Suppose -2*v = 2*v - 8. Let t(k) = -k**2 + 2*k**v + k - 1 - 2*k**2 - k**2. Let b(p) = -p**3 - p**2 - p